{"id":160,"date":"2016-02-17T13:22:29","date_gmt":"2016-02-17T12:22:29","guid":{"rendered":"http:\/\/schranzbuaba.at\/?page_id=160"},"modified":"2024-12-18T22:46:22","modified_gmt":"2024-12-18T21:46:22","slug":"martin-schranz-bergfuehrer","status":"publish","type":"page","link":"https:\/\/schranzbuaba.at\/?page_id=160","title":{"rendered":"Martin Schranz"},"content":{"rendered":"<h4>#bergf\u00fchrer #skif\u00fchrer #martin #schranz #tirol #tiroler #oberland #engadin #s\u00fcdtirol<\/h4>\n<p><img data-recalc-dims=\"1\" fetchpriority=\"high\" decoding=\"async\" src=\"https:\/\/i0.wp.com\/schranzbuaba.at\/wp-content\/uploads\/2024\/07\/DSC003821.jpg?resize=632%2C356\" sizes=\"(max-width: 632px) 100vw, 632px\" srcset=\"https:\/\/schranzbuaba.at\/wp-content\/uploads\/2024\/07\/DSC003821-632x356.jpg 632w, https:\/\/schranzbuaba.at\/wp-content\/uploads\/2024\/07\/DSC003821-1020x574.jpg 1020w, https:\/\/schranzbuaba.at\/wp-content\/uploads\/2024\/07\/DSC003821-768x432.jpg 768w, https:\/\/schranzbuaba.at\/wp-content\/uploads\/2024\/07\/DSC003821-1536x864.jpg 1536w, https:\/\/schranzbuaba.at\/wp-content\/uploads\/2024\/07\/DSC003821-2048x1152.jpg 2048w\" alt=\"\" width=\"632\" height=\"356\" \/><\/p>\n<p><strong>19.06.1990<\/strong><\/p>\n<ul>\n<li>Wohnort: Ried im Oberinntal<\/li>\n<li>Lehrabschluss als Spengler und Glaser<\/li>\n<li>Seit 2006 Skilehrer<\/li>\n<li>Seit 2015 hauptberuflicher Berg und Schif\u00fchrer<\/li>\n<li>BSc im Bereich Wirtschaft, Gesundheit- und Sporttourismus<\/li>\n<\/ul>\n<ul>\n<li>Lieblingszitat:\u00a0\u201eDie Sch\u00f6nheit der Dinge lebt in der Seele dessen, der sie betrachtet.\u201c David Hume<\/li>\n<\/ul>\n<hr \/>\n<p>Tel: +43 660 781 482 6<\/p>\n<p>E- Mail: <a href=\"mailto:martin@schranzbuaba.at\">martin@schranzbuaba.at<\/a><\/p>\n<p>&nbsp;<\/p>\n<figure><img data-recalc-dims=\"1\" height=\"280\" width=\"480\" decoding=\"async\" src=\"https:\/\/i0.wp.com\/schranzbuaba.at\/wp-content\/uploads\/2020\/11\/IMG_1955.jpg?resize=480%2C280\" alt=\"Hochtour \u00d6tztaler Alpen\" \/><figcaption>Hochtour \u00d6tztaler Alpen<\/figcaption><\/figure>\n<p>&nbsp;<\/p>\n<figure><img data-recalc-dims=\"1\" height=\"280\" width=\"480\" decoding=\"async\" src=\"https:\/\/i0.wp.com\/schranzbuaba.at\/wp-content\/uploads\/2020\/11\/DSC_0054.jpg?resize=480%2C280\" alt=\"Hochtour \u00d6tztaler Alpen\" \/><figcaption>Hochtour \u00d6tztaler Alpen<\/figcaption><\/figure>\n<p>&nbsp;<\/p>\n<figure><img data-recalc-dims=\"1\" height=\"280\" width=\"480\" decoding=\"async\" src=\"https:\/\/i0.wp.com\/schranzbuaba.at\/wp-content\/uploads\/2020\/11\/9.jpg?resize=480%2C280\" alt=\"Top of Matterhorn\" \/><figcaption>Top of Matterhorn<\/figcaption><\/figure>\n<p>&nbsp;<\/p>\n<figure><img data-recalc-dims=\"1\" height=\"280\" width=\"480\" decoding=\"async\" src=\"https:\/\/i0.wp.com\/schranzbuaba.at\/wp-content\/uploads\/2020\/11\/10.jpg?resize=480%2C280\" alt=\"Matterhorn\" \/><figcaption>Matterhorn<\/figcaption><\/figure>\n<p>&nbsp;<\/p>\n<figure><img data-recalc-dims=\"1\" decoding=\"async\" src=\"https:\/\/i0.wp.com\/schranzbuaba.at\/wp-content\/uploads\/2020\/11\/20170116_153130-scaled.jpg?w=1180\" alt=\"\" \/><\/figure>\n<p>&nbsp;<\/p>\n<figure><img data-recalc-dims=\"1\" decoding=\"async\" src=\"https:\/\/i0.wp.com\/schranzbuaba.at\/wp-content\/uploads\/2020\/11\/20170103_142254-scaled.jpg?w=1180\" alt=\"\" \/><\/figure>\n<p>&nbsp;<\/p>\n<figure><img data-recalc-dims=\"1\" height=\"280\" width=\"480\" decoding=\"async\" src=\"https:\/\/i0.wp.com\/schranzbuaba.at\/wp-content\/uploads\/2020\/11\/IMG_1486.jpg?resize=480%2C280\" alt=\"Lawinen Kurs\" \/><figcaption>Lawinen Kurs<\/figcaption><\/figure>\n<p>&nbsp;<\/p>\n<figure><img data-recalc-dims=\"1\" height=\"280\" width=\"480\" decoding=\"async\" src=\"https:\/\/i0.wp.com\/schranzbuaba.at\/wp-content\/uploads\/2020\/11\/20190723_072936.jpg?resize=480%2C280\" alt=\"Hochtour\" \/><figcaption>Hochtour<\/figcaption><\/figure>\n<p>&nbsp;<\/p>\n<figure><img data-recalc-dims=\"1\" height=\"280\" width=\"480\" decoding=\"async\" src=\"https:\/\/i0.wp.com\/schranzbuaba.at\/wp-content\/uploads\/2020\/11\/20190725_094249.jpg?resize=480%2C280\" alt=\"Wei\u00dfkugel Blick ins Kaunertal\" \/><figcaption>Wei\u00dfkugel Blick ins Kaunertal<\/figcaption><\/figure>\n<p>Zur\u00fcck<br \/>\nWeiter<\/p>\n","protected":false},"excerpt":{"rendered":"<p>#bergf\u00fchrer #skif\u00fchrer #martin #schranz #tirol #tiroler #oberland #engadin #s\u00fcdtirol 19.06.1990 Wohnort: Ried im Oberinntal Lehrabschluss als Spengler und Glaser Seit 2006 Skilehrer Seit 2015 hauptberuflicher Berg und Schif\u00fchrer BSc im Bereich Wirtschaft, Gesundheit- und Sporttourismus Lieblingszitat:\u00a0\u201eDie Sch\u00f6nheit der Dinge lebt in der Seele dessen, der sie betrachtet.\u201c David Hume Tel: +43 660 781 482 6 [&hellip;]<\/p>\n","protected":false},"author":1,"featured_media":1789,"parent":42,"menu_order":2,"comment_status":"closed","ping_status":"closed","template":"","meta":{"jetpack_post_was_ever_published":false,"footnotes":""},"tags":[],"class_list":["post-160","page","type-page","status-publish","has-post-thumbnail","hentry"],"jetpack_shortlink":"https:\/\/wp.me\/P7jp0k-2A","jetpack_sharing_enabled":true,"_links":{"self":[{"href":"https:\/\/schranzbuaba.at\/index.php?rest_route=\/wp\/v2\/pages\/160","targetHints":{"allow":["GET"]}}],"collection":[{"href":"https:\/\/schranzbuaba.at\/index.php?rest_route=\/wp\/v2\/pages"}],"about":[{"href":"https:\/\/schranzbuaba.at\/index.php?rest_route=\/wp\/v2\/types\/page"}],"author":[{"embeddable":true,"href":"https:\/\/schranzbuaba.at\/index.php?rest_route=\/wp\/v2\/users\/1"}],"replies":[{"embeddable":true,"href":"https:\/\/schranzbuaba.at\/index.php?rest_route=%2Fwp%2Fv2%2Fcomments&post=160"}],"version-history":[{"count":66,"href":"https:\/\/schranzbuaba.at\/index.php?rest_route=\/wp\/v2\/pages\/160\/revisions"}],"predecessor-version":[{"id":3887,"href":"https:\/\/schranzbuaba.at\/index.php?rest_route=\/wp\/v2\/pages\/160\/revisions\/3887"}],"up":[{"embeddable":true,"href":"https:\/\/schranzbuaba.at\/index.php?rest_route=\/wp\/v2\/pages\/42"}],"wp:featuredmedia":[{"embeddable":true,"href":"https:\/\/schranzbuaba.at\/index.php?rest_route=\/wp\/v2\/media\/1789"}],"wp:attachment":[{"href":"https:\/\/schranzbuaba.at\/index.php?rest_route=%2Fwp%2Fv2%2Fmedia&parent=160"}],"wp:term":[{"taxonomy":"post_tag","embeddable":true,"href":"https:\/\/schranzbuaba.at\/index.php?rest_route=%2Fwp%2Fv2%2Ftags&post=160"}],"curies":[{"name":"wp","href":"https:\/\/api.w.org\/{rel}","templated":true}]}}

<h4>#bergführer #skiführer #martin #schranz #tirol #tiroler #oberland #engadin #südtirol</h4>
<p><img data-recalc-dims="1" fetchpriority="high" decoding="async" src="https://i0.wp.com/schranzbuaba.at/wp-content/uploads/2024/07/DSC003821.jpg?resize=632%2C356" sizes="(max-width: 632px) 100vw, 632px" srcset="https://schranzbuaba.at/wp-content/uploads/2024/07/DSC003821-632x356.jpg 632w, https://schranzbuaba.at/wp-content/uploads/2024/07/DSC003821-1020x574.jpg 1020w, https://schranzbuaba.at/wp-content/uploads/2024/07/DSC003821-768x432.jpg 768w, https://schranzbuaba.at/wp-content/uploads/2024/07/DSC003821-1536x864.jpg 1536w, https://schranzbuaba.at/wp-content/uploads/2024/07/DSC003821-2048x1152.jpg 2048w" alt="" width="632" height="356" /></p>
<p><strong>19.06.1990</strong></p>
<ul>
<li>Wohnort: Ried im Oberinntal</li>
<li>Lehrabschluss als Spengler und Glaser</li>
<li>Seit 2006 Skilehrer</li>
<li>Seit 2015 hauptberuflicher Berg und Schiführer</li>
<li>BSc im Bereich Wirtschaft, Gesundheit- und Sporttourismus</li>
</ul>
<ul>
<li>Lieblingszitat: „Die Schönheit der Dinge lebt in der Seele dessen, der sie betrachtet.“ David Hume</li>
</ul>
<hr />
<p>Tel: +43 660 781 482 6</p>
<p>E- Mail: <a href="mailto:martin@schranzbuaba.at">martin@schranzbuaba.at</a></p>
<p>&nbsp;</p>
<figure><img data-recalc-dims="1" height="280" width="480" decoding="async" src="https://i0.wp.com/schranzbuaba.at/wp-content/uploads/2020/11/IMG_1955.jpg?resize=480%2C280" alt="Hochtour Ötztaler Alpen" /><figcaption>Hochtour Ötztaler Alpen</figcaption></figure>
<p>&nbsp;</p>
<figure><img data-recalc-dims="1" height="280" width="480" decoding="async" src="https://i0.wp.com/schranzbuaba.at/wp-content/uploads/2020/11/DSC_0054.jpg?resize=480%2C280" alt="Hochtour Ötztaler Alpen" /><figcaption>Hochtour Ötztaler Alpen</figcaption></figure>
<p>&nbsp;</p>
<figure><img data-recalc-dims="1" height="280" width="480" decoding="async" src="https://i0.wp.com/schranzbuaba.at/wp-content/uploads/2020/11/9.jpg?resize=480%2C280" alt="Top of Matterhorn" /><figcaption>Top of Matterhorn</figcaption></figure>
<p>&nbsp;</p>
<figure><img data-recalc-dims="1" height="280" width="480" decoding="async" src="https://i0.wp.com/schranzbuaba.at/wp-content/uploads/2020/11/10.jpg?resize=480%2C280" alt="Matterhorn" /><figcaption>Matterhorn</figcaption></figure>
<p>&nbsp;</p>
<figure><img data-recalc-dims="1" decoding="async" src="https://i0.wp.com/schranzbuaba.at/wp-content/uploads/2020/11/20170116_153130-scaled.jpg?w=1180" alt="" /></figure>
<p>&nbsp;</p>
<figure><img data-recalc-dims="1" decoding="async" src="https://i0.wp.com/schranzbuaba.at/wp-content/uploads/2020/11/20170103_142254-scaled.jpg?w=1180" alt="" /></figure>
<p>&nbsp;</p>
<figure><img data-recalc-dims="1" height="280" width="480" decoding="async" src="https://i0.wp.com/schranzbuaba.at/wp-content/uploads/2020/11/IMG_1486.jpg?resize=480%2C280" alt="Lawinen Kurs" /><figcaption>Lawinen Kurs</figcaption></figure>
<p>&nbsp;</p>
<figure><img data-recalc-dims="1" height="280" width="480" decoding="async" src="https://i0.wp.com/schranzbuaba.at/wp-content/uploads/2020/11/20190723_072936.jpg?resize=480%2C280" alt="Hochtour" /><figcaption>Hochtour</figcaption></figure>
<p>&nbsp;</p>
<figure><img data-recalc-dims="1" height="280" width="480" decoding="async" src="https://i0.wp.com/schranzbuaba.at/wp-content/uploads/2020/11/20190725_094249.jpg?resize=480%2C280" alt="Weißkugel Blick ins Kaunertal" /><figcaption>Weißkugel Blick ins Kaunertal</figcaption></figure>
<p>Zurück<br />
Weiter</p>

<p>#bergführer #skiführer #martin #schranz #tirol #tiroler #oberland #engadin #südtirol 19.06.1990 Wohnort: Ried im Oberinntal Lehrabschluss als Spengler und Glaser Seit 2006 Skilehrer Seit 2015 hauptberuflicher Berg und Schiführer BSc im Bereich Wirtschaft, Gesundheit- und Sporttourismus Lieblingszitat: „Die Schönheit der Dinge lebt in der Seele dessen, der sie betrachtet.“ David Hume Tel: +43 660 781 482 6 [&hellip;]</p>
